{"id":167280,"date":"2025-09-02T18:18:59","date_gmt":"2025-09-02T16:18:59","guid":{"rendered":"https:\/\/factorialhr.com\/blog\/?post_type=factorial_video&#038;p=167280"},"modified":"2025-09-08T16:09:14","modified_gmt":"2025-09-08T14:09:14","slug":"como-amplificar-voz-profesionales-recursos-humanos","status":"publish","type":"factorial_video","link":"https:\/\/factorial.es\/blog\/factorial-play\/videos\/como-amplificar-voz-profesionales-recursos-humanos\/","title":{"rendered":"\u00bfC\u00f3mo amplificar la voz de los profesionales de Recursos Humanos?"},"featured_media":0,"template":"","meta":{"_acf_changed":false,"_video_type":"highlight","_related_series":167174,"_related_episode":167269,"_related_season":0,"_video_source":"vimeo","_youtube_video_id":"","_vimeo_video_id":"1113301636","_speaker_id":167144,"_video_description":"Etienne Ageneau destaca la importancia de que los profesionales de recursos humanos (RR. HH.) no solo hablen, sino que tambi\u00e9n pasen a la acci\u00f3n para mejorar su impacto en las organizaciones. En la actualidad, hay una saturaci\u00f3n de voces en redes sociales, pero es crucial que los responsables de RR. HH. compartan sus retos y encuentren m\u00e9todos efectivos para inspirar a otros. La funci\u00f3n de RR. HH. debe enfocarse en el liderazgo, la gesti\u00f3n del equipo y la comunicaci\u00f3n para alinear los valores de la empresa y desarrollar planes de carreras efectivos. Seg\u00fan Etienne Ageneau, la clave est\u00e1 en actuar y no solo hablar, lo que fortalecer\u00e1 la funci\u00f3n de RR. HH. y su repercusi\u00f3n en el entorno laboral. No te pierdas m\u00e1s consejos y perspectivas sobre la gesti\u00f3n de RR. HH. en el episodio completo.","_video_transcription":"60:10 - \u00bfQu\u00e9 sorpresa?\u00a1Ay, ay, ay!\u00a1Oh!\n60:18 - \u00bfC\u00f3mo dar voz a los profesionales de recursos humanos?\n60:24 - No lo voy a usar.Primero tienen que atreverse a hablar.\n60:28 - Despu\u00e9s, creo que hoy en d\u00eda hay muchos responsables de RR. HH. que alzan la voz.\n60:31 - Pero muchos influyentes en RR. HH.Creo que hoy en d\u00eda se est\u00e1 produciendo una tendencia,a veces incluso de victimizaci\u00f3n, de una orden, en cualquier caso parad\u00f3jica,por personas que no ejercen funciones de RR. HH. en su d\u00eda a d\u00eda.\n60:42 - Por eso creo que hoy en d\u00eda es fundamental que RR. HH. adopte la palabra, al menos para valorar mejor su impacto,valorizar mejor su profesi\u00f3n en este \u00e1mbito.\n60:48 - Pero, al final, m\u00e1s que tomar la palabra porque veo que hoy en d\u00eda tambi\u00e9n hay una saturaci\u00f3n, en mi opini\u00f3n,de la toma de la palabra,especialmente en las redes sociales.\n60:55 - Cada vez hay m\u00e1s profesionales de RR. HH. e influencers que aparecen,lo cual es bueno, pero tambi\u00e9n crea una saturaci\u00f3n.y que crea una paradoja entre la orden de lo que se deber\u00eda hacer y pasar a la acci\u00f3n.\n61:05 - Y creo que hoy en d\u00eda, el verdadero reto para los RR. HH.\n61:07 - No se trata tanto de tomar la palabra, sino de lograr esta transici\u00f3n a la acci\u00f3n y recibir apoyo para dar ese paso.\n61:13 - La chispa de RR. HH. es lo que hemos hecho.Hemos lanzado Pragma RH, una comunidad con las mangas arremangadas,aprendiz en proceso de pasar a la acci\u00f3n.\n61:21 - El reto es que los responsables de RR. HH. puedan compartir entre ellos sus problemas, retos.\n61:25 - Pero, sobre todo, les ayudamos a pasar a la acci\u00f3n y a actuar.\n61:27 - Es evidente que en todas las publicaciones que leemos en las redes sociales,hay muchas \u00f3rdenes sobre lo que hay que hacer, c\u00f3mo hay que ser, etc.\n61:33 - Hay que ser as\u00ed, pero sin dar siempre necesariamente.las gu\u00edas pr\u00e1cticas adecuadas para ayudar a los responsables de RR. HH. a actuar.\n61:39 - As\u00ed que quiero decirle a RR. HH. que sigan hablando, pero sobre todo que inspiren.\n61:43 - Insp\u00edranos con tu acci\u00f3n, insp\u00edranos con lo que funciona,por lo que funciona, por lo que es dif\u00edcil de hacer.\n61:48 - Pero ay\u00fadenos tambi\u00e9n a encontrar los mejores consejos, los mejores m\u00e9todos para lograrlo.\n61:52 - Y si no, \u00fanete a Pragma para pasar precisamente a la acci\u00f3n viniendo a aprender con tus compa\u00f1eros y luego, al venir detr\u00e1s trabajar en sus planes de acci\u00f3n operativos.\n62:00 - Porque, en cualquier caso, lo que hace fuerte a la funci\u00f3n de RR. HH. es tambi\u00e9n su impacto.que tiene sobre las organizaciones.\n62:05 - Por lo tanto, hay que seguir atrevi\u00e9ndose, hay que seguir teniendo valor.\n62:08 - En el \u00e1mbito de los recursos humanos, la funci\u00f3n de RR. HH. es una funci\u00f3n exigente.\n62:11 - Es una funci\u00f3n que no siempre es evidente ni f\u00e1cil.\n62:14 - Por lo tanto, hay que decirlo, hay que explicar las dificultades,hay que ser pedag\u00f3gicos con los dirigentes,directivos y personal operativo.\n62:20 - Pero no hay que olvidar que estamos aqu\u00ed para ayudar a una organizaci\u00f3n,para acompa\u00f1ar a una organizaci\u00f3n y, por lo tanto, tomar la palabra.\n62:27 - S\u00ed, pero hablar por hablar sin pasar a la acci\u00f3n, no, gracias.","_has_trailer":false,"_trailer_vimeo_id":""},"categories":[948,946],"factorial-categories":[],"class_list":["post-167280","factorial_video","type-factorial_video","status-publish","hentry","category-impulsar-talento","category-liderar-con-proposito"],"acf":[],"yoast_head":"<!-- This site is optimized with the Yoast SEO Premium plugin v21.5 (Yoast SEO v21.9.1) - https:\/\/yoast.com\/wordpress\/plugins\/seo\/ -->\n<title>\u00bfC\u00f3mo amplificar la voz de los profesionales de Recursos Humanos? | Factorial<\/title>\n<meta name=\"robots\" content=\"index, follow, max-snippet:-1, max-image-preview:large, max-video-preview:-1\" \/>\n<link rel=\"canonical\" href=\"https:\/\/factorial.es\/blog\/factorial-play\/videos\/como-amplificar-voz-profesionales-recursos-humanos\/\" \/>\n<meta property=\"og:locale\" content=\"es_ES\" \/>\n<meta property=\"og:type\" content=\"article\" \/>\n<meta property=\"og:title\" content=\"\u00bfC\u00f3mo amplificar la voz de los profesionales de Recursos Humanos?\" \/>\n<meta property=\"og:url\" content=\"https:\/\/factorial.es\/blog\/factorial-play\/videos\/como-amplificar-voz-profesionales-recursos-humanos\/\" \/>\n<meta property=\"og:site_name\" content=\"Factorial\" \/>\n<meta property=\"article:publisher\" content=\"https:\/\/www.facebook.com\/people\/Factorial\/100064908455810\/\" \/>\n<meta property=\"article:modified_time\" content=\"2025-09-08T14:09:14+00:00\" \/>\n<meta property=\"og:image\" content=\"https:\/\/factorial.es\/wp-content\/uploads\/2025\/11\/17131146\/factorial-open-graph.png\" \/>\n\t<meta property=\"og:image:width\" content=\"1200\" \/>\n\t<meta property=\"og:image:height\" content=\"628\" \/>\n\t<meta property=\"og:image:type\" content=\"image\/png\" \/>\n<meta name=\"twitter:card\" content=\"summary_large_image\" \/>\n<meta name=\"twitter:site\" content=\"@factorialapp\" \/>\n<script type=\"application\/ld+json\" class=\"yoast-schema-graph\">{\"@context\":\"https:\/\/schema.org\",\"@graph\":[{\"@type\":\"WebPage\",\"@id\":\"https:\/\/factorial.es\/blog\/factorial-play\/videos\/como-amplificar-voz-profesionales-recursos-humanos\/\",\"url\":\"https:\/\/factorial.es\/blog\/factorial-play\/videos\/como-amplificar-voz-profesionales-recursos-humanos\/\",\"name\":\"\u00bfC\u00f3mo amplificar la voz de los profesionales de Recursos Humanos? | Factorial\",\"isPartOf\":{\"@id\":\"https:\/\/factorial.es\/blog\/#website\"},\"datePublished\":\"2025-09-02T16:18:59+00:00\",\"dateModified\":\"2025-09-08T14:09:14+00:00\",\"inLanguage\":\"es\",\"potentialAction\":[{\"@type\":\"ReadAction\",\"target\":[\"https:\/\/factorial.es\/blog\/factorial-play\/videos\/como-amplificar-voz-profesionales-recursos-humanos\/\"]}]},{\"@type\":\"WebSite\",\"@id\":\"https:\/\/factorial.es\/blog\/#website\",\"url\":\"https:\/\/factorial.es\/blog\/\",\"name\":\"Factorial\",\"description\":\"\",\"publisher\":{\"@id\":\"https:\/\/factorial.es\/blog\/#organization\"},\"potentialAction\":[{\"@type\":\"SearchAction\",\"target\":{\"@type\":\"EntryPoint\",\"urlTemplate\":\"https:\/\/factorial.es\/blog\/?s={search_term_string}\"},\"query-input\":\"required name=search_term_string\"}],\"inLanguage\":\"es\"},{\"@type\":\"Organization\",\"@id\":\"https:\/\/factorial.es\/blog\/#organization\",\"name\":\"All-in-one business management software - Factorial\",\"url\":\"https:\/\/factorial.es\/blog\/\",\"logo\":{\"@type\":\"ImageObject\",\"inLanguage\":\"es\",\"@id\":\"https:\/\/factorial.es\/blog\/#\/schema\/logo\/image\/\",\"url\":\"https:\/\/factorial.es\/wp-content\/uploads\/2023\/07\/18155144\/factorial-logo.png\",\"contentUrl\":\"https:\/\/factorial.es\/wp-content\/uploads\/2023\/07\/18155144\/factorial-logo.png\",\"width\":946,\"height\":880,\"caption\":\"All-in-one business management software - Factorial\"},\"image\":{\"@id\":\"https:\/\/factorial.es\/blog\/#\/schema\/logo\/image\/\"},\"sameAs\":[\"https:\/\/www.facebook.com\/people\/Factorial\/100064908455810\/\",\"https:\/\/twitter.com\/factorialapp\",\"https:\/\/www.linkedin.com\/company\/factorialhr\",\"https:\/\/www.youtube.com\/@factorialmedia\",\"https:\/\/www.instagram.com\/factorial\/#\"]}]}<\/script>\n<!-- \/ Yoast SEO Premium plugin. -->","yoast_head_json":{"title":"\u00bfC\u00f3mo amplificar la voz de los profesionales de Recursos Humanos? | Factorial","robots":{"index":"index","follow":"follow","max-snippet":"max-snippet:-1","max-image-preview":"max-image-preview:large","max-video-preview":"max-video-preview:-1"},"canonical":"https:\/\/factorial.es\/blog\/factorial-play\/videos\/como-amplificar-voz-profesionales-recursos-humanos\/","og_locale":"es_ES","og_type":"article","og_title":"\u00bfC\u00f3mo amplificar la voz de los profesionales de Recursos Humanos?","og_url":"https:\/\/factorial.es\/blog\/factorial-play\/videos\/como-amplificar-voz-profesionales-recursos-humanos\/","og_site_name":"Factorial","article_publisher":"https:\/\/www.facebook.com\/people\/Factorial\/100064908455810\/","article_modified_time":"2025-09-08T14:09:14+00:00","og_image":[{"width":1200,"height":628,"url":"https:\/\/factorial.es\/wp-content\/uploads\/2025\/11\/17131146\/factorial-open-graph.png","type":"image\/png"}],"twitter_card":"summary_large_image","twitter_site":"@factorialapp","schema":{"@context":"https:\/\/schema.org","@graph":[{"@type":"WebPage","@id":"https:\/\/factorial.es\/blog\/factorial-play\/videos\/como-amplificar-voz-profesionales-recursos-humanos\/","url":"https:\/\/factorial.es\/blog\/factorial-play\/videos\/como-amplificar-voz-profesionales-recursos-humanos\/","name":"\u00bfC\u00f3mo amplificar la voz de los profesionales de Recursos Humanos? | Factorial","isPartOf":{"@id":"https:\/\/factorial.es\/blog\/#website"},"datePublished":"2025-09-02T16:18:59+00:00","dateModified":"2025-09-08T14:09:14+00:00","inLanguage":"es","potentialAction":[{"@type":"ReadAction","target":["https:\/\/factorial.es\/blog\/factorial-play\/videos\/como-amplificar-voz-profesionales-recursos-humanos\/"]}]},{"@type":"WebSite","@id":"https:\/\/factorial.es\/blog\/#website","url":"https:\/\/factorial.es\/blog\/","name":"Factorial","description":"","publisher":{"@id":"https:\/\/factorial.es\/blog\/#organization"},"potentialAction":[{"@type":"SearchAction","target":{"@type":"EntryPoint","urlTemplate":"https:\/\/factorial.es\/blog\/?s={search_term_string}"},"query-input":"required name=search_term_string"}],"inLanguage":"es"},{"@type":"Organization","@id":"https:\/\/factorial.es\/blog\/#organization","name":"All-in-one business management software - Factorial","url":"https:\/\/factorial.es\/blog\/","logo":{"@type":"ImageObject","inLanguage":"es","@id":"https:\/\/factorial.es\/blog\/#\/schema\/logo\/image\/","url":"https:\/\/factorial.es\/wp-content\/uploads\/2023\/07\/18155144\/factorial-logo.png","contentUrl":"https:\/\/factorial.es\/wp-content\/uploads\/2023\/07\/18155144\/factorial-logo.png","width":946,"height":880,"caption":"All-in-one business management software - Factorial"},"image":{"@id":"https:\/\/factorial.es\/blog\/#\/schema\/logo\/image\/"},"sameAs":["https:\/\/www.facebook.com\/people\/Factorial\/100064908455810\/","https:\/\/twitter.com\/factorialapp","https:\/\/www.linkedin.com\/company\/factorialhr","https:\/\/www.youtube.com\/@factorialmedia","https:\/\/www.instagram.com\/factorial\/#"]}]}},"_links":{"self":[{"href":"https:\/\/factorial.es\/blog\/wp-json\/wp\/v2\/factorial-videos\/167280"}],"collection":[{"href":"https:\/\/factorial.es\/blog\/wp-json\/wp\/v2\/factorial-videos"}],"about":[{"href":"https:\/\/factorial.es\/blog\/wp-json\/wp\/v2\/types\/factorial_video"}],"wp:attachment":[{"href":"https:\/\/factorial.es\/blog\/wp-json\/wp\/v2\/media?parent=167280"}],"wp:term":[{"taxonomy":"category","embeddable":true,"href":"https:\/\/factorial.es\/blog\/wp-json\/wp\/v2\/categories?post=167280"},{"taxonomy":"factorial_category","embeddable":true,"href":"https:\/\/factorial.es\/blog\/wp-json\/wp\/v2\/factorial-categories?post=167280"}],"curies":[{"name":"wp","href":"https:\/\/api.w.org\/{rel}","templated":true}]}}

¿Cómo amplificar la voz de los profesionales de Recursos Humanos?

Etienne Ageneau destaca la importancia de que los profesionales de recursos humanos (RR. HH.) no solo hablen, sino que también pasen a la acción para mejorar su impacto en las organizaciones. En la actualidad, hay una saturación de voces en redes sociales, pero es crucial que los responsables de RR. HH. compartan sus retos y encuentren métodos efectivos para inspirar a otros. La función de RR. HH. debe enfocarse en el liderazgo, la gestión del equipo y la comunicación para alinear los valores de la empresa y desarrollar planes de carreras efectivos. Según Etienne Ageneau, la clave está en actuar y no solo hablar, lo que fortalecerá la función de RR. HH. y su repercusión en el entorno laboral. No te pierdas más consejos y perspectivas sobre la gestión de RR. HH. en el episodio completo.

60:10 - ¿Qué sorpresa?¡Ay, ay, ay!¡Oh!
60:18 - ¿Cómo dar voz a los profesionales de recursos humanos?
60:24 - No lo voy a usar.Primero tienen que atreverse a hablar.
60:28 - Después, creo que hoy en día hay muchos responsables de RR. HH. que alzan la voz.
60:31 - Pero muchos influyentes en RR. HH.Creo que hoy en día se está produciendo una tendencia,a veces incluso de victimización, de una orden, en cualquier caso paradójica,por personas que no ejercen funciones de RR. HH. en su día a día.
60:42 - Por eso creo que hoy en día es fundamental que RR. HH. adopte la palabra, al menos para valorar mejor su impacto,valorizar mejor su profesión en este ámbito.
60:48 - Pero, al final, más que tomar la palabra porque veo que hoy en día también hay una saturación, en mi opinión,de la toma de la palabra,especialmente en las redes sociales.
60:55 - Cada vez hay más profesionales de RR. HH. e influencers que aparecen,lo cual es bueno, pero también crea una saturación.y que crea una paradoja entre la orden de lo que se debería hacer y pasar a la acción.
61:05 - Y creo que hoy en día, el verdadero reto para los RR. HH.
61:07 - No se trata tanto de tomar la palabra, sino de lograr esta transición a la acción y recibir apoyo para dar ese paso.
61:13 - La chispa de RR. HH. es lo que hemos hecho.Hemos lanzado Pragma RH, una comunidad con las mangas arremangadas,aprendiz en proceso de pasar a la acción.
61:21 - El reto es que los responsables de RR. HH. puedan compartir entre ellos sus problemas, retos.
61:25 - Pero, sobre todo, les ayudamos a pasar a la acción y a actuar.
61:27 - Es evidente que en todas las publicaciones que leemos en las redes sociales,hay muchas órdenes sobre lo que hay que hacer, cómo hay que ser, etc.
61:33 - Hay que ser así, pero sin dar siempre necesariamente.las guías prácticas adecuadas para ayudar a los responsables de RR. HH. a actuar.
61:39 - Así que quiero decirle a RR. HH. que sigan hablando, pero sobre todo que inspiren.
61:43 - Inspíranos con tu acción, inspíranos con lo que funciona,por lo que funciona, por lo que es difícil de hacer.
61:48 - Pero ayúdenos también a encontrar los mejores consejos, los mejores métodos para lograrlo.
61:52 - Y si no, únete a Pragma para pasar precisamente a la acción viniendo a aprender con tus compañeros y luego, al venir detrás trabajar en sus planes de acción operativos.
62:00 - Porque, en cualquier caso, lo que hace fuerte a la función de RR. HH. es también su impacto.que tiene sobre las organizaciones.
62:05 - Por lo tanto, hay que seguir atreviéndose, hay que seguir teniendo valor.
62:08 - En el ámbito de los recursos humanos, la función de RR. HH. es una función exigente.
62:11 - Es una función que no siempre es evidente ni fácil.
62:14 - Por lo tanto, hay que decirlo, hay que explicar las dificultades,hay que ser pedagógicos con los dirigentes,directivos y personal operativo.
62:20 - Pero no hay que olvidar que estamos aquí para ayudar a una organización,para acompañar a una organización y, por lo tanto, tomar la palabra.
62:27 - Sí, pero hablar por hablar sin pasar a la acción, no, gracias.

<!-- This site is optimized with the Yoast SEO Premium plugin v21.5 (Yoast SEO v21.9.1) - https://yoast.com/wordpress/plugins/seo/ -->
<title>¿Cómo amplificar la voz de los profesionales de Recursos Humanos? | Factorial</title>
<meta name="robots" content="index, follow, max-snippet:-1, max-image-preview:large, max-video-preview:-1" />
<link rel="canonical" href="https://factorial.es/blog/factorial-play/videos/como-amplificar-voz-profesionales-recursos-humanos/" />
<meta property="og:locale" content="es_ES" />
<meta property="og:type" content="article" />
<meta property="og:title" content="¿Cómo amplificar la voz de los profesionales de Recursos Humanos?" />
<meta property="og:url" content="https://factorial.es/blog/factorial-play/videos/como-amplificar-voz-profesionales-recursos-humanos/" />
<meta property="og:site_name" content="Factorial" />
<meta property="article:publisher" content="https://www.facebook.com/people/Factorial/100064908455810/" />
<meta property="article:modified_time" content="2025-09-08T14:09:14+00:00" />
<meta property="og:image" content="https://factorial.es/wp-content/uploads/2025/11/17131146/factorial-open-graph.png" />
	<meta property="og:image:width" content="1200" />
	<meta property="og:image:height" content="628" />
	<meta property="og:image:type" content="image/png" />
<meta name="twitter:card" content="summary_large_image" />
<meta name="twitter:site" content="@factorialapp" />
<script type="application/ld+json" class="yoast-schema-graph">{"@context":"https://schema.org","@graph":[{"@type":"WebPage","@id":"https://factorial.es/blog/factorial-play/videos/como-amplificar-voz-profesionales-recursos-humanos/","url":"https://factorial.es/blog/factorial-play/videos/como-amplificar-voz-profesionales-recursos-humanos/","name":"¿Cómo amplificar la voz de los profesionales de Recursos Humanos? | Factorial","isPartOf":{"@id":"https://factorial.es/blog/#website"},"datePublished":"2025-09-02T16:18:59+00:00","dateModified":"2025-09-08T14:09:14+00:00","inLanguage":"es","potentialAction":[{"@type":"ReadAction","target":["https://factorial.es/blog/factorial-play/videos/como-amplificar-voz-profesionales-recursos-humanos/"]}]},{"@type":"WebSite","@id":"https://factorial.es/blog/#website","url":"https://factorial.es/blog/","name":"Factorial","description":"","publisher":{"@id":"https://factorial.es/blog/#organization"},"potentialAction":[{"@type":"SearchAction","target":{"@type":"EntryPoint","urlTemplate":"https://factorial.es/blog/?s={search_term_string}"},"query-input":"required name=search_term_string"}],"inLanguage":"es"},{"@type":"Organization","@id":"https://factorial.es/blog/#organization","name":"All-in-one business management software - Factorial","url":"https://factorial.es/blog/","logo":{"@type":"ImageObject","inLanguage":"es","@id":"https://factorial.es/blog/#/schema/logo/image/","url":"https://factorial.es/wp-content/uploads/2023/07/18155144/factorial-logo.png","contentUrl":"https://factorial.es/wp-content/uploads/2023/07/18155144/factorial-logo.png","width":946,"height":880,"caption":"All-in-one business management software - Factorial"},"image":{"@id":"https://factorial.es/blog/#/schema/logo/image/"},"sameAs":["https://www.facebook.com/people/Factorial/100064908455810/","https://twitter.com/factorialapp","https://www.linkedin.com/company/factorialhr","https://www.youtube.com/@factorialmedia","https://www.instagram.com/factorial/#"]}]}</script>
<!-- / Yoast SEO Premium plugin. -->

¿Cómo amplificar la voz de los profesionales de Recursos Humanos? | Factorial
