{"id":167439,"date":"2025-09-03T13:00:08","date_gmt":"2025-09-03T11:00:08","guid":{"rendered":"https:\/\/factorialhr.com\/blog\/?post_type=factorial_video&#038;p=167439"},"modified":"2025-09-03T17:55:54","modified_gmt":"2025-09-03T15:55:54","slug":"adaptarse-sin-dejar-ser-uno-mismo","status":"publish","type":"factorial_video","link":"https:\/\/factorial.es\/blog\/factorial-play\/videos\/adaptarse-sin-dejar-ser-uno-mismo\/","title":{"rendered":"Adaptarse sin dejar de ser uno mismo: \u00bfla clave del desarrollo profesional?"},"featured_media":0,"template":"","meta":{"_acf_changed":false,"_video_type":"highlight","_related_series":167174,"_related_episode":167410,"_related_season":0,"_video_source":"vimeo","_youtube_video_id":"","_vimeo_video_id":"1113477971","_speaker_id":167150,"_video_description":"La adaptabilidad es clave en el desarrollo profesional y el liderazgo, seg\u00fan Lucilla Talamazzi. A medida que las empresas enfrentan cambios constantes, es crucial gestionar el equipo, fomentando una comunicaci\u00f3n efectiva y alineando los valores de la empresa con la nueva cultura organizacional. La habilidad de adaptarse sin comprometer los principios y valores personales no solo evita conflictos internos, sino que tambi\u00e9n facilita la evoluci\u00f3n natural en el entorno laboral. Talamazzi destaca la importancia de acompa\u00f1ar a los empleados en este proceso y c\u00f3mo el cambio de contexto requiere una nueva perspectiva sin perder la esencia individual. Esto es fundamental para el \u00e9xito del plan de carreras y el crecimiento profesional. No te pierdas m\u00e1s consejos y perspectivas sobre liderazgo y gesti\u00f3n del equipo en el episodio completo.","_video_transcription":"60:04 - Ser uno mismo.\n60:16 - Planta, brote, veamos.\u00bfAdaptarse sin dejar de ser uno mismo, la clave del desarrollo profesional?\n60:25 - Es perfecto, justo despu\u00e9s de la pregunta anterior.\n60:29 - S\u00ed, sin duda la adaptabilidad ha sido una de las habilidades que he descubierto con el tiempo que era fundamental.\n60:40 - No s\u00e9 si es igual para todas las empresas, no puedo afirmarlo.\n60:43 - Sin duda lo era donde yo estuve.Porque ha habido muchos cambios.\n60:47 - Y por eso, el hecho de que de ni\u00f1a me acostumbrara a tener que adaptarme, es lo que me ha permitido tener una capacidad de adaptaci\u00f3n pero sin dejar de lado qui\u00e9n soy o cu\u00e1les son los principios y valores, que tambi\u00e9n tengo un poco inherentes a la funci\u00f3n legal, porque al final hay que ser muy firmes en determinadas cuestiones como la integridad, la \u00e9tica, etc\u00e9tera.\n61:11 - Sin embargo, hoy en d\u00eda se habla poco de la adaptabilidad como valor.\n61:15 - En cambio, vivimos en un escenario, en un contexto muy cambiante.\n61:18 - Nunca he vivido un a\u00f1o profesional igual al anterior.\n61:22 - Por lo tanto, saber adaptarse es fundamental.Con positividad.\n61:25 - Y esta es una cualidad dif\u00edcil de construir y dif\u00edcil de desarrollar correctamente y al que, en realidad, se dedica poco tiempo en la empresa.\n61:35 - Y esto he tenido la oportunidad de comprobarlo en mi vida anterior,en la que se realizaron muchas fusiones y adquisiciones, con empresas diferentes.\n61:44 - Y por lo tanto, juntar personas de distintos contextos o personas que quiz\u00e1s antes eran competidores, genera situaciones dif\u00edciles de gestionar que solo se pueden gestionar bien si las personas muestran un deseo, un inter\u00e9s en querer adaptarse a la nueva cultura, al nuevo c\u00f3digo de comunicaci\u00f3n,a los nuevos contextos.\n62:06 - Y no es f\u00e1cil porque muchas veces la gente dice: \u00abYo he hecho las cosas de la misma manera durante a\u00f1os\u00bb, o \u00abvengo de un contexto en el que no valoraba positivamente lo que me piden que haga ahora,lo que tengo delante\u00bb.\n62:19 - Por lo tanto, no es sencillo.All\u00ed hay que acompa\u00f1ar a las personas para que realmente no generen un conflicto contra s\u00ed mismos y, por lo tanto, una contradicci\u00f3n contra s\u00ed mismos, sino m\u00e1s bien permitirle ver que la evoluci\u00f3n, la adaptabilidad, es precisamente parte de una evoluci\u00f3n natural, manteni\u00e9ndose uno mismo y con los propios principios y valores.\n62:40 - Quiz\u00e1s cambie el contexto, por lo que al cambiar el contexto hay cosas que hay que mirar desde otra perspectiva, simplemente, pero sin dejar de ser quienes somos.","_has_trailer":false,"_trailer_vimeo_id":""},"categories":[946],"factorial-categories":[],"class_list":["post-167439","factorial_video","type-factorial_video","status-publish","hentry","category-liderar-con-proposito"],"acf":[],"yoast_head":"<!-- This site is optimized with the Yoast SEO Premium plugin v21.5 (Yoast SEO v21.9.1) - https:\/\/yoast.com\/wordpress\/plugins\/seo\/ -->\n<title>Adaptarse sin dejar de ser uno mismo: \u00bfla clave del desarrollo profesional? | Factorial<\/title>\n<meta name=\"robots\" content=\"index, follow, max-snippet:-1, max-image-preview:large, max-video-preview:-1\" \/>\n<link rel=\"canonical\" href=\"https:\/\/factorial.es\/blog\/factorial-play\/videos\/adaptarse-sin-dejar-ser-uno-mismo\/\" \/>\n<meta property=\"og:locale\" content=\"es_ES\" \/>\n<meta property=\"og:type\" content=\"article\" \/>\n<meta property=\"og:title\" content=\"Adaptarse sin dejar de ser uno mismo: \u00bfla clave del desarrollo profesional?\" \/>\n<meta property=\"og:url\" content=\"https:\/\/factorial.es\/blog\/factorial-play\/videos\/adaptarse-sin-dejar-ser-uno-mismo\/\" \/>\n<meta property=\"og:site_name\" content=\"Factorial\" \/>\n<meta property=\"article:publisher\" content=\"https:\/\/www.facebook.com\/people\/Factorial\/100064908455810\/\" \/>\n<meta property=\"article:modified_time\" content=\"2025-09-03T15:55:54+00:00\" \/>\n<meta property=\"og:image\" content=\"https:\/\/factorial.es\/wp-content\/uploads\/2025\/11\/17131146\/factorial-open-graph.png\" \/>\n\t<meta property=\"og:image:width\" content=\"1200\" \/>\n\t<meta property=\"og:image:height\" content=\"628\" \/>\n\t<meta property=\"og:image:type\" content=\"image\/png\" \/>\n<meta name=\"twitter:card\" content=\"summary_large_image\" \/>\n<meta name=\"twitter:site\" content=\"@factorialapp\" \/>\n<script type=\"application\/ld+json\" class=\"yoast-schema-graph\">{\"@context\":\"https:\/\/schema.org\",\"@graph\":[{\"@type\":\"WebPage\",\"@id\":\"https:\/\/factorial.es\/blog\/factorial-play\/videos\/adaptarse-sin-dejar-ser-uno-mismo\/\",\"url\":\"https:\/\/factorial.es\/blog\/factorial-play\/videos\/adaptarse-sin-dejar-ser-uno-mismo\/\",\"name\":\"Adaptarse sin dejar de ser uno mismo: \u00bfla clave del desarrollo profesional? | Factorial\",\"isPartOf\":{\"@id\":\"https:\/\/factorial.es\/blog\/#website\"},\"datePublished\":\"2025-09-03T11:00:08+00:00\",\"dateModified\":\"2025-09-03T15:55:54+00:00\",\"inLanguage\":\"es\",\"potentialAction\":[{\"@type\":\"ReadAction\",\"target\":[\"https:\/\/factorial.es\/blog\/factorial-play\/videos\/adaptarse-sin-dejar-ser-uno-mismo\/\"]}]},{\"@type\":\"WebSite\",\"@id\":\"https:\/\/factorial.es\/blog\/#website\",\"url\":\"https:\/\/factorial.es\/blog\/\",\"name\":\"Factorial\",\"description\":\"\",\"publisher\":{\"@id\":\"https:\/\/factorial.es\/blog\/#organization\"},\"potentialAction\":[{\"@type\":\"SearchAction\",\"target\":{\"@type\":\"EntryPoint\",\"urlTemplate\":\"https:\/\/factorial.es\/blog\/?s={search_term_string}\"},\"query-input\":\"required name=search_term_string\"}],\"inLanguage\":\"es\"},{\"@type\":\"Organization\",\"@id\":\"https:\/\/factorial.es\/blog\/#organization\",\"name\":\"All-in-one business management software - Factorial\",\"url\":\"https:\/\/factorial.es\/blog\/\",\"logo\":{\"@type\":\"ImageObject\",\"inLanguage\":\"es\",\"@id\":\"https:\/\/factorial.es\/blog\/#\/schema\/logo\/image\/\",\"url\":\"https:\/\/factorial.es\/wp-content\/uploads\/2023\/07\/18155144\/factorial-logo.png\",\"contentUrl\":\"https:\/\/factorial.es\/wp-content\/uploads\/2023\/07\/18155144\/factorial-logo.png\",\"width\":946,\"height\":880,\"caption\":\"All-in-one business management software - Factorial\"},\"image\":{\"@id\":\"https:\/\/factorial.es\/blog\/#\/schema\/logo\/image\/\"},\"sameAs\":[\"https:\/\/www.facebook.com\/people\/Factorial\/100064908455810\/\",\"https:\/\/twitter.com\/factorialapp\",\"https:\/\/www.linkedin.com\/company\/factorialhr\",\"https:\/\/www.youtube.com\/@factorialmedia\",\"https:\/\/www.instagram.com\/factorial\/#\"]}]}<\/script>\n<!-- \/ Yoast SEO Premium plugin. -->","yoast_head_json":{"title":"Adaptarse sin dejar de ser uno mismo: \u00bfla clave del desarrollo profesional? | Factorial","robots":{"index":"index","follow":"follow","max-snippet":"max-snippet:-1","max-image-preview":"max-image-preview:large","max-video-preview":"max-video-preview:-1"},"canonical":"https:\/\/factorial.es\/blog\/factorial-play\/videos\/adaptarse-sin-dejar-ser-uno-mismo\/","og_locale":"es_ES","og_type":"article","og_title":"Adaptarse sin dejar de ser uno mismo: \u00bfla clave del desarrollo profesional?","og_url":"https:\/\/factorial.es\/blog\/factorial-play\/videos\/adaptarse-sin-dejar-ser-uno-mismo\/","og_site_name":"Factorial","article_publisher":"https:\/\/www.facebook.com\/people\/Factorial\/100064908455810\/","article_modified_time":"2025-09-03T15:55:54+00:00","og_image":[{"width":1200,"height":628,"url":"https:\/\/factorial.es\/wp-content\/uploads\/2025\/11\/17131146\/factorial-open-graph.png","type":"image\/png"}],"twitter_card":"summary_large_image","twitter_site":"@factorialapp","schema":{"@context":"https:\/\/schema.org","@graph":[{"@type":"WebPage","@id":"https:\/\/factorial.es\/blog\/factorial-play\/videos\/adaptarse-sin-dejar-ser-uno-mismo\/","url":"https:\/\/factorial.es\/blog\/factorial-play\/videos\/adaptarse-sin-dejar-ser-uno-mismo\/","name":"Adaptarse sin dejar de ser uno mismo: \u00bfla clave del desarrollo profesional? | Factorial","isPartOf":{"@id":"https:\/\/factorial.es\/blog\/#website"},"datePublished":"2025-09-03T11:00:08+00:00","dateModified":"2025-09-03T15:55:54+00:00","inLanguage":"es","potentialAction":[{"@type":"ReadAction","target":["https:\/\/factorial.es\/blog\/factorial-play\/videos\/adaptarse-sin-dejar-ser-uno-mismo\/"]}]},{"@type":"WebSite","@id":"https:\/\/factorial.es\/blog\/#website","url":"https:\/\/factorial.es\/blog\/","name":"Factorial","description":"","publisher":{"@id":"https:\/\/factorial.es\/blog\/#organization"},"potentialAction":[{"@type":"SearchAction","target":{"@type":"EntryPoint","urlTemplate":"https:\/\/factorial.es\/blog\/?s={search_term_string}"},"query-input":"required name=search_term_string"}],"inLanguage":"es"},{"@type":"Organization","@id":"https:\/\/factorial.es\/blog\/#organization","name":"All-in-one business management software - Factorial","url":"https:\/\/factorial.es\/blog\/","logo":{"@type":"ImageObject","inLanguage":"es","@id":"https:\/\/factorial.es\/blog\/#\/schema\/logo\/image\/","url":"https:\/\/factorial.es\/wp-content\/uploads\/2023\/07\/18155144\/factorial-logo.png","contentUrl":"https:\/\/factorial.es\/wp-content\/uploads\/2023\/07\/18155144\/factorial-logo.png","width":946,"height":880,"caption":"All-in-one business management software - Factorial"},"image":{"@id":"https:\/\/factorial.es\/blog\/#\/schema\/logo\/image\/"},"sameAs":["https:\/\/www.facebook.com\/people\/Factorial\/100064908455810\/","https:\/\/twitter.com\/factorialapp","https:\/\/www.linkedin.com\/company\/factorialhr","https:\/\/www.youtube.com\/@factorialmedia","https:\/\/www.instagram.com\/factorial\/#"]}]}},"_links":{"self":[{"href":"https:\/\/factorial.es\/blog\/wp-json\/wp\/v2\/factorial-videos\/167439"}],"collection":[{"href":"https:\/\/factorial.es\/blog\/wp-json\/wp\/v2\/factorial-videos"}],"about":[{"href":"https:\/\/factorial.es\/blog\/wp-json\/wp\/v2\/types\/factorial_video"}],"wp:attachment":[{"href":"https:\/\/factorial.es\/blog\/wp-json\/wp\/v2\/media?parent=167439"}],"wp:term":[{"taxonomy":"category","embeddable":true,"href":"https:\/\/factorial.es\/blog\/wp-json\/wp\/v2\/categories?post=167439"},{"taxonomy":"factorial_category","embeddable":true,"href":"https:\/\/factorial.es\/blog\/wp-json\/wp\/v2\/factorial-categories?post=167439"}],"curies":[{"name":"wp","href":"https:\/\/api.w.org\/{rel}","templated":true}]}}

La adaptabilidad es clave en el desarrollo profesional y el liderazgo, según Lucilla Talamazzi. A medida que las empresas enfrentan cambios constantes, es crucial gestionar el equipo, fomentando una comunicación efectiva y alineando los valores de la empresa con la nueva cultura organizacional. La habilidad de adaptarse sin comprometer los principios y valores personales no solo evita conflictos internos, sino que también facilita la evolución natural en el entorno laboral. Talamazzi destaca la importancia de acompañar a los empleados en este proceso y cómo el cambio de contexto requiere una nueva perspectiva sin perder la esencia individual. Esto es fundamental para el éxito del plan de carreras y el crecimiento profesional. No te pierdas más consejos y perspectivas sobre liderazgo y gestión del equipo en el episodio completo.

60:04 - Ser uno mismo.
60:16 - Planta, brote, veamos.¿Adaptarse sin dejar de ser uno mismo, la clave del desarrollo profesional?
60:25 - Es perfecto, justo después de la pregunta anterior.
60:29 - Sí, sin duda la adaptabilidad ha sido una de las habilidades que he descubierto con el tiempo que era fundamental.
60:40 - No sé si es igual para todas las empresas, no puedo afirmarlo.
60:43 - Sin duda lo era donde yo estuve.Porque ha habido muchos cambios.
60:47 - Y por eso, el hecho de que de niña me acostumbrara a tener que adaptarme, es lo que me ha permitido tener una capacidad de adaptación pero sin dejar de lado quién soy o cuáles son los principios y valores, que también tengo un poco inherentes a la función legal, porque al final hay que ser muy firmes en determinadas cuestiones como la integridad, la ética, etcétera.
61:11 - Sin embargo, hoy en día se habla poco de la adaptabilidad como valor.
61:15 - En cambio, vivimos en un escenario, en un contexto muy cambiante.
61:18 - Nunca he vivido un año profesional igual al anterior.
61:22 - Por lo tanto, saber adaptarse es fundamental.Con positividad.
61:25 - Y esta es una cualidad difícil de construir y difícil de desarrollar correctamente y al que, en realidad, se dedica poco tiempo en la empresa.
61:35 - Y esto he tenido la oportunidad de comprobarlo en mi vida anterior,en la que se realizaron muchas fusiones y adquisiciones, con empresas diferentes.
61:44 - Y por lo tanto, juntar personas de distintos contextos o personas que quizás antes eran competidores, genera situaciones difíciles de gestionar que solo se pueden gestionar bien si las personas muestran un deseo, un interés en querer adaptarse a la nueva cultura, al nuevo código de comunicación,a los nuevos contextos.
62:06 - Y no es fácil porque muchas veces la gente dice: «Yo he hecho las cosas de la misma manera durante años», o «vengo de un contexto en el que no valoraba positivamente lo que me piden que haga ahora,lo que tengo delante».
62:19 - Por lo tanto, no es sencillo.Allí hay que acompañar a las personas para que realmente no generen un conflicto contra sí mismos y, por lo tanto, una contradicción contra sí mismos, sino más bien permitirle ver que la evolución, la adaptabilidad, es precisamente parte de una evolución natural, manteniéndose uno mismo y con los propios principios y valores.
62:40 - Quizás cambie el contexto, por lo que al cambiar el contexto hay cosas que hay que mirar desde otra perspectiva, simplemente, pero sin dejar de ser quienes somos.
